nd 275?
11
Calculate the highest common divisor of 3042 and 2322.
18
What is the greatest common factor of 98 and 213689?
49
Calculate the highest common factor of 563328 and 36.
36
Calculate the highest common divisor of 1350342 and 294.
294
What is the greatest common factor of 339 and 1673643?
339
Calculate the greatest common factor of 5072 and 22208.
16
What is the highest common divisor of 297 and 462?
33
Calculate the highest common factor of 3656 and 8.
8
What is the greatest common factor of 108 and 180036?
108
Calculate the highest common divisor of 269650 and 50.
50
What is the highest common divisor of 24 and 117992?
8
Calculate the highest common factor of 11777711 and 101.
101
Calculate the greatest common factor of 88 and 1276.
44
What is the highest common factor of 2 and 1691?
1
Calculate the greatest common divisor of 196 and 9268.
28
What is the greatest common factor of 1826 and 46?
2
Calculate the highest common divisor of 75054 and 854.
14
What is the greatest common divisor of 7106 and 1309?
187
Calculate the greatest common factor of 7346857 and 826.
413
What is the greatest common factor of 9 and 3766599?
9
What is the greatest common factor of 15179 and 129?
43
Calculate the highest common divisor of 12833 and 12915.
41
What is the greatest common factor of 18340 and 84?
28
What is the greatest common factor of 102600 and 6048?
216
Calculate the greatest common divisor of 108530 and 3.
1
What is the greatest common divisor of 21113 and 1161?
43
Calculate the greatest common factor of 14743 and 230.
23
What is the greatest common factor of 1792 and 553?
7
Calculate the greatest common divisor of 1412 and 15886412.
1412
Calculate the greatest common factor of 885 and 33925.
295
Calculate the highest common divisor of 33072 and 17490.
318
Calculate the highest common divisor of 5061650 and 40.
10
What is the greatest common factor of 864 and 49824?
288
What is the highest common divisor of 104472 and 360?
72
What is the highest common divisor of 175635 and 135?
135
Calculate the highest common divisor of 19005 and 45.
15
Calculate the greatest common divisor of 242 and 20185.
11
What is the highest common factor of 28435 and 15?
5
Calculate the greatest common divisor of 1935728 and 32.
16
Calculate the highest common divisor of 133074 and 9.
9
What is the highest common divisor of 875 and 31045?
35
What is the highest common divisor of 972 and 548694?
486
What is the greatest common divisor of 12 and 69918?
6
Calculate the greatest common divisor of 6 and 66702.
6
What is the highest common divisor of 120 and 236076?
12
What is the greatest common divisor of 160 and 186520?
40
Calculate the highest common divisor of 750970 and 275.
55
Calculate the greatest common divisor of 42 and 18705372.
42
What is the highest common factor of 163 and 167?
1
Calculate the highest common factor of 700248 and 3260.
652
What is the highest common factor of 515198 and 3756?
626
What is the greatest common factor of 958 and 766?
2
What is the highest common divisor of 7272 and 7368?
24
Calculate the highest common factor of 1133450 and 450.
50
Calculate the highest common divisor of 4175 and 3173.
167
What is the greatest common factor of 1296 and 12069?
81
What is the greatest common factor of 24010 and 40?
10
What is the greatest common divisor of 881452 and 104?
52
Calculate the highest common factor of 50 and 130775.
25
What is the highest common divisor of 2842 and 41006?
406
What is the highest common divisor of 84 and 32792?
4
Calculate the highest common divisor of 849888 and 288.
288
What is the highest common divisor of 858 and 188448?
78
What is the greatest common divisor of 298050 and 164921?
1987
What is the highest common divisor of 2608 and 248?
8
Calculate the greatest common factor of 1725380 and 80.
20
Calculate the greatest common divisor of 68 and 560184.
68
What is the greatest common divisor of 31479 and 7?
7
Calculate the greatest common factor of 58455 and 4545.
45
What is the highest common factor of 6324 and 29172?
204
Calculate the greatest common factor of 397160 and 560.
40
Calculate the highest common divisor of 123 and 149199.
123
What is the greatest common factor of 511660 and 320?
20
Calculate the highest common divisor of 14 and 7813379.
7
What is the greatest common divisor of 21 and 1770447?
21
Calculate the highest common factor of 330636 and 2478.
354
What is the highest common factor of 17879 and 10351?
941
What is the highest common factor of 171 and 2801094?
57
Calculate the greatest common factor of 169 and 96967.
13
What is the highest common divisor of 15719 and 704?
11
Calculate the greatest common factor of 315190 and 172.
86
Calculate the highest common divisor of 30228 and 1749.
33
What is the greatest common divisor of 1698 and 7022362?
566
Calculate the highest common factor of 263 and 1071199.
263
What is the greatest common divisor of 22 and 40634?
22
What is the highest common divisor of 430086 and 516?
258
Calculate the greatest common factor of 11632 and 592.
16
Calculate the greatest common factor of 194084 and 121.
121
Calculate the greatest common factor of 87 and 522029.
29
Calculate the greatest common divisor of 988 and 304.
76
What is the greatest common divisor of 7904 and 64?
32
What is the highest common factor of 378 and 30186?
54
Calculate the greatest common factor of 3242475 and 525.
75
What is the greatest common divisor of 41800 and 4200?
200
Calculate the greatest common factor of 24 and 2892.
12
Calculate the greatest common factor of 5525 and 539175.
325
What is the greatest common divisor of 6531 and 2352?
21
Calculate the highest common factor of 200560 and 552.
184
Calculate the highest common factor of 123 and 3369.
3
What is the highest common factor of 31706 and 9168?
382
Calculate the greatest common factor of 2368 and 129685.
37
Calculate the greatest common divisor of 42 and 385707.
21
Calculate the greatest common factor of 9392 and 368.
16
What is the greatest common factor of 173937 and 333?
111
What is the greatest common divisor of 84 and 420700?
28
Calculate the greatest common factor of 1476 and 270.
18
Calculate the greatest common factor of 145 and 1069259.
29
Calculate the highest common divisor of 10649 and 2778.
463
What is the highest common divisor of 347775 and 75?
75
What is the highest common factor of 210 and 93270?
30
What is the highest common divisor of 15097 and 93?
31
What is the greatest common divisor of 1507 and 154947?
137
What is the highest common factor of 9284 and 781?
11
What is the highest common factor of 510 and 6732?
102
What is the greatest common factor of 38683 and 101?
101
What is the greatest common divisor of 245 and 127547?
49
What is the greatest common factor of 27890 and 10?
10
What is the greatest common factor of 686 and 10094?
98
Calculate the greatest common divisor of 1222410 and 14.
14
What is the greatest common divisor of 45690 and 33?
3
Calculate the highest common divisor of 31 and 4619.
31
What is the highest common factor of 7766 and 506?
22
What is the highest common divisor of 47436 and 324?
12
What is the greatest common divisor of 1966855 and 605?
605
What is the greatest common factor of 261 and 74298?
87
What is the highest common divisor of 15648 and 4240?
16
Calculate the highest common factor of 1801460 and 20.
20
Calculate the greatest common divisor of 987 and 9681.
21
What is the highest common factor of 730 and 340?
10
What is the highest common factor of 7 and 389438?
7
Calculate the highest common divisor of 20461 and 553.
553
What is the greatest common factor of 39160 and 32?
8
What is the greatest common factor of 122 and 280051?
61
Calculate the greatest common divisor of 93625 and 2625.
875
What is the highest common factor of 21963 and 6?
3
Calculate the highest common factor of 720 and 1421964.
36
Calculate the greatest common divisor of 570633 and 6699.
609
What is the highest common factor of 4 and 12092?
4
Calculate the greatest common divisor of 16540 and 335.
5
Calculate the greatest common divisor of 27135 and 60.
15
Calculate the highest common divisor of 1765965 and 15.
15
What is the greatest common divisor of 192 and 695712?
96
Calculate the greatest common div